*g. Let w(m) = -2*f(m) - 3*j(m). Calculate w(u).
-4
Let q(d) = d**3 - 3*d - 1 + 0*d**3 + 2*d. Let w(j) = -j**3 + 9*j**2 - 7*j - 6. Let r be w(8). Calculate q(r).
5
Let z(b) be the third derivative of 3*b**2 + 0 + 1/3*b**3 + 0*b - 1/360*b**6 + 1/24*b**5 + 0*b**4. Let t(k) be the first derivative of z(k). Determine t(4).
4
Let y(a) = 5*a**2 - 4*a**2 - 36*a + 34*a + 6. Determine y(5).
21
Let c(w) = -w + 12. Let y(q) = -1. Let l(d) = d - 3. Let n be (0 - (-3)/9)*-9. Let b(u) = n*y(u) - l(u). Let x(f) = -5*b(f) + 3*c(f). What is x(-6)?
-6
Let j(z) = -1 + 5 - 6 - 2*z**2 - 3*z. Let n be -9*((-20)/(-6))/5. Let h be (-8)/(-8) - n/(-2). Calculate j(h).
-4
Let m(r) = 4*r + 3 - r - 2*r. Let w = 12 + -6. Let d = -6 + w. Calculate m(d).
3
Suppose 0*h = -2*h - 18. Let y(t) = -t**3 - 8*t**2 + 9*t - 2. Determine y(h).
-2
Let h(g) be the first derivative of g**3/3 - 7*g**2/2 + 8*g + 1. Calculate h(6).
2
Let p = -12 + 15. Let y(s) = 2*s**3 - 2*s**3 + 5*s**3 - 6*s**p - 8*s - 7*s**2. What is y(-6)?
12
Let h(c) = -c**3 + 4*c**2 + 4*c - 4. Suppose -2*v - 4*n + n + 12 = 0, -n = 4*v - 4. Let i be v + -3 + -5 + 13. Calculate h(i).
-9
Let p(g) be the first derivative of -g**2 - 7*g + 17. Determine p(-6).
5
Suppose 5*w + 15 = -20. Let p(h) = -h - 15. Give p(w).
-8
Suppose -2*c = 18 + 10. Let t be (-1)/2 - c/4. Suppose -t = f - 4. Let q(j) = -9*j**3 - 2*j**2 + 2*j - 1. What is q(f)?
-10
Let s(r) = 2 + r + 5 + 0*r. Determine s(0).
7
Let a(x) = x**3 - 4*x**2 + 2*x - 6. Let d be a(4). Let z(u) = 2*u**2 + 4*u + 2*u**2 - 2*u**d + 3. Suppose t - 4*t = 9. Calculate z(t).
9
Let t = -14 - -8. Let x(k) = 5*k**2 - 25*k + 29. Let v(n) = -n**2 + 6*n - 7. Let r(y) = 9*v(y) + 2*x(y). What is r(t)?
7
Let y(a) be the third derivative of -a**5/60 - a**4/24 + 2*a**3/3 - 2*a**2. Let d = 2 - 2. Let q be y(d). Let k(h) = -3*h + 5. Determine k(q).
-7
Let a(h) = -2*h - 9. Let k be a(-6). Let i = 7 + -3. Let p(b) = -7*b + i*b - 1 + 2*b. Determine p(k).
-4
Let y(f) = 4*f**2 - 3*f. Let i(u) = 17*u**2 - 13*u. Let l(s) = 2*i(s) - 9*y(s). Calculate l(-1).
-3
Let d(j) = 0*j + 2 + 4*j - 4*j + j. Let w = 0 - 0. Suppose g - 3*g - 10 = w. Give d(g).
-3
Let t(y) = y**2 + 8*y + 6. Suppose -15 = -3*i + 6*i. Give t(i).
-9
Let h(b) be the second derivative of -b**3/3 - 7*b**2/2 - b. Suppose 3*f + 4*i + 11 = 0, -i - 17 = 5*f + 7. What is h(f)?
3
Let q(b) = -b**3 - 3*b**2 + b - 1. Let a be q(-3). Let l(w) = -w**3 - 4*w**2 + w - 5. Determine l(a).
-9
Let m(x) be the second derivative of x**3/6 - 2*x**2 - x. Suppose -5*o = 5*b, 0*o - 2*o = 8. What is m(b)?
0
Let f(q) be the third derivative of -q**7/1008 + q**6/360 + q**5/20 - 8*q**2. Let w(z) be the third derivative of f(z). Determine w(2).
-8
Let s(v) = -v. Suppose -5 = c - 2. Let d be (-3)/(-9) + (-14)/c. Give s(d).
-5
Let v = -13 + 35. Suppose -p = -3*a - 14, 4*a - 3*p = -0*p - v. Let u(i) = -i + 3. What is u(a)?
7
Let o(x) be the third derivative of -x**4/24 - 6*x**2. Give o(-6).
6
Let n(u) be the first derivative of -u**4/4 - 7*u**3/3 - 2*u**2 + 7*u - 10. Let b be n(-6). Let i(d) = -d + 2. Give i(b).
7
Let u(m) = m**2 + 4*m - 3. Suppose 0*g = 2*g + 10. Give u(g).
2
Let x(o) be the second derivative of -o**4/12 - 5*o**3/6 - o**2 - 4*o. Give x(-5).
-2
Let y(t) = -t**2 + 7*t - 1. Let m(q) = -4*q + 91. Let b be m(21). Give y(b).
-1
Let j(y) be the first derivative of -1/3*y**3 + y**2 - y - 6 - 7/4*y**4. Give j(1).
-7
Let t(z) = 8 + 4*z + z - 3*z - 3*z. Calculate t(6).
2
Let t be 16/24 + 17/(-3). Let l(o) be the second derivative of -o**5/120 - o**4/8 - o**3/6 - o. Let u(z) be the second derivative of l(z). Calculate u(t).
2
Suppose -4*j + 54 - 182 = 0. Let p be 8/36 + j/(-18). Let o(u) be the second derivative of -u**3/3 + 3*u**2/2 + u. Give o(p).
-1
Let u(g) be the first derivative of -g**5/15 - g**4/8 - g**3/2 - 2*g**2 - 1. Let p(y) be the second derivative of u(y). What is p(-2)?
-13
Let g(i) = i**2 - 2*i - 1. Let v be (-3 - (-1 - 0))*(1 + -2). Give g(v).
-1
Let w(k) = k**3 - 6*k**2 - k + 6. Suppose -5*o + 3*q = -24, -6*q = o - 3*q + 6. Suppose o*n - 44 - 13 = 0. Suppose 3*l - n = -1. Calculate w(l).
0
Let a = 22 + -26. Let q(k) = k**2 + 4*k - 3. Calculate q(a).
-3
Let l(s) be the third derivative of -s**4/12 - s**2. Let q be l(-2). Let h(y) = -3 + y - y + 4*y - 2*y. What is h(q)?
5
Let m be 1 - (1 + -1 - -2). Let t = m + 5. Let s(z) = -8*z + 5. Let f(b) = 7*b - 4. Let q(g) = -7*f(g) - 6*s(g). Give q(t).
-6
Let t be (-4 - (-6 - -3)) + 3. Let m(n) = -4*n**2 - n**2 + n**3 - t*n - 2 + 4*n. Determine m(5).
8
Suppose 0 = c - 2*v + 2 + 1, 0 = -c - 4*v + 21. Let h(f) = -3*f + 3*f - 1 - f. Let o(u) = -3*u - 2. Let j(i) = -10*h(i) + 4*o(i). What is j(c)?
-8
Suppose -2*x + 4 = 2*x. Let c(l) be the first derivative of l**4/24 + l**3/6 + 2*l**2 - 1. Let a(z) be the second derivative of c(z). Determine a(x).
2
Let w(c) = -3*c**2 + 5. Let s(r) = r**2 - 1. Let a(j) = 4*s(j) + w(j). Suppose -28 = 4*x - 4. Let g be 1/(-3) + (-2)/x. Determine a(g).
1
Let s(o) = -2*o - 10. Let d be s(-8). Let m(k) = k**3 - 6*k**2 - 3. Calculate m(d).
-3
Let p(r) = -16*r**3 + 11*r**2 + 11*r + 21. Let s(a) = 3*a**3 - 2*a**2 - 2*a - 4. Let v(b) = 2*p(b) + 11*s(b). Suppose -3*c = 4*i, c + 2*i = -2*i. Give v(c).
-2
Let x(m) = -5*m**3 - 35*m**2 + 61*m + 50. Let j(o) = -o**3 - 7*o**2 + 12*o + 10. Let v(q) = 11*j(q) - 2*x(q). What is v(-8)?
-6
Let n(q) = 2*q - 7*q - 6*q + 6*q. Determine n(-1).
5
Let u(w) be the first derivative of -w**4/6 - w**3/6 + w**2/2 - 1. Let o(r) be the second derivative of u(r). Let j = 12 - 13. What is o(j)?
3
Let p = 7 + -7. Let j = p - 0. Let g(d) = d**3 + 4. Give g(j).
4
Let j(r) = -r**3 + 3*r**2 + 2. Let l = 10 - 6. Let o be 2/l - (-9)/6. Calculate j(o).
6
Let t(z) be the first derivative of z**2 + 7*z + 2. Determine t(-6).
-5
Let c = -17 + 7. Let v be (-2 + c/(-4))*10. Let y(t) = v*t - 11 - 3*t - t. Determine y(0).
-11
Let d(j) be the first derivative of -2*j**3/3 - j**2/2 - 4*j - 5. Calculate d(-3).
-19
Let c(x) = -x**2 - 6*x - 2. Let u be c(-5). Suppose 0 = -4*g + 3*n + 8, u*n = 3*g + 2 - 8. Let f(r) = g*r**3 - r**3 + 1 - r - 4. Determine f(0).
-3
Suppose 14*a - 3*a - 22 = 0. Let w(p) = -8*p + 3. Calculate w(a).
-13
Let q(m) = 5*m**2 - 8*m - 1. Let y be (3 + -2)/(2/(-14)). Let z(p) = -3*p**2 + 4*p + 1. Let f(v) = y*z(v) - 4*q(v). Calculate f(-4).
-3
Suppose 0 = -3*s - 0 + 15. Let z(x) = x - 2. Give z(s).
3
Suppose v = -v + 40. Suppose 6*f - f = -v. Let y(k) be the second derivative of k**4/12 + k**3 + k**2/2 - 2*k. Calculate y(f).
-7
Let d(g) = g - 2. Let m be d(-3). Let j(h) = -3*h**2 + 2*h + 21. Let b(y) = -y**2 + y + 7. Let p(a) = 17*b(a) - 6*j(a). Give p(m).
-7
Let y(p) = 2*p**3 - p**2. Let a be y(-1). Let l(s) = -s**2 + 3*s**2 - s**2 + 3*s. Calculate l(a).
0
Let w(x) = -x**3 - 3*x**2 + 3*x - 2. Let z be w(-4). Let y be 12*z/4 + -1. Let f(o) = o**2 - 6*o - 2. Calculate f(y).
-7
Let g(h) = -h**2 + 3*h + 6. Let n be g(4). Let b(k) be the third derivative of 0 + 1/30*k**5 + 0*k - 1/3*k**3 + 0*k**4 - 1/120*k**6 - 2*k**2. Calculate b(n).
-2
Let o(r) = -13*r + 2*r**3 + 7*r**2 - 3*r**3 - 1 - 9 + 15*r. What is o(7)?
4
Let c(t) = 11*t**2 - 1 - 6*t**3 + 5*t**3 + 0*t**3. Give c(11).
-1
Let i(l) be the third derivative of l**4/12 + 2*l**3/3 - 3*l**2. What is i(-5)?
-6
Let m = -6 + 18. Let d = 15 - m. Let n(h) be the first derivative of -h**2/2 + 5*h + 1. Give n(d).
2
Let w(p) = -p. Let r(n) = n + 1. Let u(q) = r(q) - 5*w(q). What is u(-4)?
-23
Let p(r) = -3*r**2 - 2*r - 1. Let b(n) = -n**3 + 10*n**2 + 2. Let a be (-12)/(-9)*15/2. Let i be b(a). Let f be (-1)/3*6/i. Give p(f).
-2
Let h(i) = 2*i - 2. Let x(s) = 3*s - 1. Let z(f) = 5*h(f) - 4*x(f). Let o(u) = -u**3 - 5*u**2 - 3*u. Let n be o(-4). Calculate z(n).
2
Let p(h) = h - 8. Let b(m) = m**2 - m - 1. Let u(j) = 6*j**2 - 6*j - 7. Let a(s) = 5*b(s) - u(s). Let v be a(2). Calculate p(v).
-8
Let z = 4 - -2. Let t(u) be the first derivative of -u**6/360 + 7*u**5/120 - u**4/6 - 2*u**3/3 - 1. Let w(c) be the third derivative of t(c). Give w(z).
2
Let o(z) = -z**3 - 31 - z**2 + 3*z**2 + 3*z**2 + 27. Calculate o(4).
12
Let d(c) = 7*c - c**2 + 7 - 5 - 7 - 2. Calculate d(5).
3
Let u(i) be the first derivative of i**4/12 + 5*i**3/6 + i**2/2 - 3*i - 1. Let x(q) be the first derivative of u(q). Let j = -10 + 6. What is x(j)?
-3
Let n 